-2*h + 26 = -3*v, -3*h + 2*v = -v - 27. Let g(o) = -10*o**2 + o + 1. Let n(q) = 10*q**2 - q - 2. Let t(i) = -3*g(i) - 2*n(i). What is t(h)?
10
Let f(w) = -w**3 + 13*w**2 - 23*w + 18. Suppose 2*x - 7 = -g, 4*g - 352 + 298 = 5*x. Calculate f(g).
7
Let j(k) = 4*k**3 - 9 + 24*k + 4*k**3 - 7*k**3 - 5*k**2 - 23*k + 4*k**2. Determine j(-4).
-93
Let o(g) = -g - 6. Suppose 4*b - 6*b - 291 = -j, -b + j = 147. Let t be -5 + (b/(-3))/4. Calculate o(t).
-13
Let w(s) = 2*s + 43. Suppose -3*y + 84 = -3*d, -y - 74 = 3*d - 2*y. Let t be w(d). Let j(m) be the first derivative of -5*m**2/2 - m - 1. Calculate j(t).
14
Let k(d) = d**2 - d - 1. Let z(t) be the third derivative of -t**5/20 + t**4/2 - t**3/6 - t**2. Let a = 740 - 739. Let q(x) = a*z(x) + 4*k(x). Determine q(-7).
-12
Suppose 4*a - 2*a = 0. Suppose -199*u = -216*u + 306. Suppose a = -0*s + 3*s - u. Let q(x) = x - 1. Determine q(s).
5
Suppose -i + 6 = 2*j, 5*j = j + 3*i + 2. Let q(d) = -d**2 - 3*d**2 - d + 1 - 20*d**3 - j + 3*d**2. Determine q(-1).
19
Let c(m) = -m**3 - 8*m**2 - 11*m - 10. Let s(q) = -q**3 + 20*q**2 - 45*q + 154. Let v be s(18). Calculate c(v).
78
Let l(t) be the second derivative of 7*t**4/24 - t**3/6 + 47*t**2/2 + 14*t. Let z(y) be the first derivative of l(y). Let j = 3 - 2. Determine z(j).
6
Let c(u) = -u**3 - u**2 + u - 1. Let o be c(1). Let s be 0/((0 - o)/(-2)). Let z(g) = -2*g + 4 + 0*g + s. Calculate z(5).
-6
Let j(f) = 2*f**2 - 5*f - 11. Let u be j(-9). Let m(w) = -u + 2*w**2 - 194 - 13*w + 396. What is m(6)?
0
Let k(b) = b**3 + 8*b**2 + 8*b - 5. Let c = -32 + 452. Suppose -c = 41*l - 174. Give k(l).
19
Suppose -4*b + 448 = -5*p, -4*p - 192 - 170 = -5*b. Let z be 9 + p - 3/(6/(-4)). Let l = z - -79. Let k(u) = -u**2 - 2*u - 1. Calculate k(l).
-9
Let a(c) = -4*c + 18. Suppose -5*w + 15 = -5*n, 7*n + 18 = -w - 75. Calculate a(n).
66
Let m(x) be the third derivative of x**5/60 + x**4/6 - 2*x**3/3 + 5907*x**2. What is m(-6)?
8
Let b(u) = -152 + 0*u + u + 146. Let p = -48 + 48. Suppose 0 = -2*d - p*d + 16. Give b(d).
2
Let q(m) = -m + 92. Let c(x) = 2*x - 139. Let t(i) = 5*c(i) + 8*q(i). What is t(-17)?
7
Let k(z) = 168*z**2 - 167*z**2 + 12*z - 26*z - 40 - 83. Calculate k(-6).
-3
Let s(k) = k**3 - 5*k**2 + 6*k - 3. Suppose 312*o - 565 - 1307 = 0. Calculate s(o).
69
Let x(v) = v**2 + 7*v + 13. Let u be x(-5). Suppose -k + u*z + 27 = 0, -k + 2*k - 35 = 5*z. Let h(r) = -r**3 + 15*r**2 - r + 2. What is h(k)?
-13
Suppose 31 = 2*v - j - 97, 0 = 2*v + 3*j - 128. Let o be (v/12 - -3 - 4)*-3. Let p(t) = t**2 + 14*t + 13. What is p(o)?
0
Let n(q) = -q + 61*q**2 - 56*q**2 - 12 + 11. Suppose -i - 7 + 18 = -4*r, -6 = 3*r. Determine n(i).
41
Let o(a) = -9*a + 70. Let k(g) = 13*g + 1606. Let m be k(-123). What is o(m)?
7
Let k(c) be the third derivative of c**5/60 - 19*c**3/3 - 84*c**2 - c. Give k(6).
-2
Let y(a) = -11*a + 6. Let j = 9088 - 9084. Determine y(j).
-38
Let q(t) be the second derivative of t**3/6 - 3*t**2/2 + 2802*t. What is q(6)?
3
Let y(p) = -p**2 + 20*p - 40. Let z = 11193 - 11176. Calculate y(z).
11
Suppose 187*f + 2*y = 184*f + 49, f - 8*y + 1 = 0. Let c(w) = w**3 - 14*w**2 - 11*w - 56. Calculate c(f).
4
Let g(q) be the third derivative of -q**7/2520 - q**6/720 - 3*q**5/40 - q**4/3 + 2*q**3 - 50*q**2. Let i(m) be the second derivative of g(m). Determine i(0).
-9
Suppose 0 = 3*n - 2*y - 4, 3*n + 2*y - 6 = n. Let m(w) = -3*w - 17. Let s(p) = p + 8. Let q(o) = -2*m(o) - 5*s(o). What is q(n)?
-4
Let u = -6 + -1. Let r(t) = -2*t**2 + 3*t**2 + 8281*t + 6 - 8275*t - 7. What is r(u)?
6
Let i(p) = -2*p**2 - 48*p - 45. Let k(n) = n**2 - 23*n - 1. Let s be k(22). Let h be i(s). Let b(t) = -9*t**2 - 3 + 3 - t. Calculate b(h).
-10
Let t = -10991 - -10988. Let w(p) = p**3 + 3*p**2 - p + 2. What is w(t)?
5
Let r(h) = 2*h + 1. Let b(i) = i**3 + 6*i**2 - 2*i - 2. Suppose -12*j - 16 = -28*j. Let z(k) = j*b(k) + 4*r(k). Suppose 2*d = 4*d + 10. What is z(d)?
-3
Let h(f) be the second derivative of -3*f**2 - 70*f + 5/6*f**3 - 5/12*f**4 + 0 + 1/20*f**5. Suppose -3*x + 3*n + n = 0, -5 = -2*x + n. What is h(x)?
-2
Let r be 160/25 - 3/(-5). Let t(u) = 379 - r*u**2 - 379 - u. Determine t(-1).
-6
Let q(v) = -9*v**2 + 6*v - 5. Let t(f) = -6*f**2 - 2*f**2 + 0*f**2 + f + 4*f - 4. Let z(i) = 4*q(i) - 5*t(i). Suppose -88*y = 16*y - 104. Determine z(y).
3
Let l(h) = -5*h + 21. Suppose 49*o - 456 - 279 = 0. Give l(o).
-54
Let t(n) = -8*n - 103. Let l = -244 - -230. Let j be t(l). Let p(q) = -q**3 + 8*q**2 + 12*q - 11. What is p(j)?
16
Let f(s) = s**3 + 5*s**2 - 3*s - 5. Suppose 4170 = 34*z + 4272. Give f(z).
22
Let t(s) = s**3 + 7*s**2 + 5*s - 8. Suppose -6*a + 2*a + 511 = k, -4*k + 2025 = -3*a. Suppose -9*d + 294 + k = 0. Suppose -5*f + 59 - d = 0. Determine t(f).
-2
Let l(d) = 5*d - 2. Let a be l(2). Let j be 4 - 24/(-9)*(-6)/4. Let r(x) = j - 18*x**2 + 26*x**2 + 4*x**3 - 5*x**3 - 2*x + 11. Give r(a).
-5
Let p = 6370 - 6366. Let x(v) be the second derivative of -17*v - 1/12*v**4 + 0 - p*v**2 + 5/3*v**3. Give x(8).
8
Let a(r) = -r**2 + 2*r + 138. Let j be -52*6*(-23)/552. What is a(j)?
-5
Let m = 162 - 162. Suppose -15*b + 13*b + 10 = m. Let r(d) = d**2 - 2*d - 7. Determine r(b).
8
Let a be 6/33 - 1728/(-297). Let m(k) = k**3 - 7*k**2 - k - 5. Give m(a).
-47
Let i = -17345 - -17320. Let v(r) = -r**2 - 15*r + 248. Determine v(i).
-2
Let p(n) = 8*n**3 - 34*n**2 + 37*n - 88. Let b(g) = -3*g**3 + 18*g**2 - 19*g + 42. Let a(x) = -5*b(x) - 2*p(x). Give a(-23).
12
Let c = 1079 - 1077. Let u be (2*-3)/(-1 + -1). Let a(z) = -6 + 9*z - u + 7. What is a(c)?
16
Let r(p) = 277677*p - 277673*p + 4 + 6*p**2 + 5*p**3 - p**2 - 4*p**3. Suppose -5*k + u = 16, -4*k - 7 = 2*u + 3. Give r(k).
10
Let u(q) = 2*q - 7. Suppose -p + 5*x = 1, 2*p - 233*x - 5 = -230*x. Calculate u(p).
1
Let i(k) = -3*k**2 + k - 2. Let n be (-2)/10*(-240)/192 + (-126)/24. Calculate i(n).
-82
Let u(d) = -4116*d + 8207*d - 3 - 4088*d. Let a(b) = b**2 + 6*b + 7. Let r be a(-5). Determine u(r).
3
Let g be 5 - -1 - (-10)/(3/2 + -4). Let u(m) = 45*m + 2. Give u(g).
92
Suppose -92*j = -97*j + 25, 4*j = -2*b + 32. Let q(t) = -16*t - b*t**2 - 1 + 22*t + 2 + 11*t - t**3. Give q(-8).
-7
Let c(b) = -6*b + 7. Suppose 2950 = 2*g + 2938. Give c(g).
-29
Suppose 0 = c - 204 - 242. Let i = c + -443. Let q(w) = -7*w + 6. Let f(o) = 20*o - 17. Let d(a) = -4*f(a) - 11*q(a). What is d(i)?
-7
Suppose -l = 2*r, 3*l - 13*r + 3 = -16*r. Let w(a) = -23*a - 3. Calculate w(l).
43
Let x(p) = 41131*p - 9*p**2 + 16 - 41129*p + 8*p**2. Determine x(-6).
-32
Suppose z + 2 = 2*v, 4*z - 1 = 5*v - 0*z. Let l(w) = 3*w**2 - 2*w**2 - 2*w**2 - v + 20*w - 31*w + 0*w**2. Calculate l(-10).
7
Let l(z) = 5*z**2 - 2*z + 2. Let h(t) = -3*t + 0*t + 38*t**2 - 34*t**2. Let r(s) = -4*h(s) + 3*l(s). Calculate r(6).
6
Suppose 5035*y - 56 = 5021*y. Let a(k) be the second derivative of k**2 - 1/12*k**y + 0 - 8*k + 0*k**3. Determine a(-3).
-7
Let k(z) = 0 - z + 6 - 4. Let b(v) = -v**3 + v**2 - 4*v + 9. Let q(i) = i**2 - 6*i - 160. Let m be q(16). Let d be b(m). Give k(d).
-7
Let i(b) = -3*b**2 + 8*b - 10. Suppose 180*w = 77*w - 84*w + 374. What is i(w)?
-6
Let v(g) be the second derivative of -g**3/6 - g. Let d(l) = -8*l**2 + 2*l**2 + 7*l**2 + 222 + 36*l + 2*l. Let u be d(-31). Calculate v(u).
-5
Let s(q) be the third derivative of q**6/120 - 2*q**5/15 - q**4/8 + 1067*q**2. Calculate s(9).
54
Let b(w) be the second derivative of w**4/6 + 23*w**3/6 + 21*w**2/2 - 150*w + 7. What is b(-10)?
-9
Suppose 0 = -5*c - 37*c. Let d(n) be the third derivative of -n**6/120 - n**5/60 + 19*n**3/6 - 5*n**2 + 4. What is d(c)?
19
Let j = -22 - -35. Suppose -2*n = -j*n. Suppose -4*d + 20 = -n*d. Let g(a) = -a**2 + 3*a - 7. What is g(d)?
-17
Let k(y) = 9*y**2 + y + 4. Let r(l) = 10*l**2 + l + 5. Let p(u) = -6*k(u) + 5*r(u). Let h(i) = i**3 - 31*i**2 + 220*i + 1. Let m be h(20). Determine p(m).
-4
Let p be (-56)/(-26) - (-98)/(-637). Let q(n) = -5*n + 3*n**3 - 5*n - 7 - 3 - p*n**3 + 300*n**2 - 293*n**2. Give q(-8).
6
Let o(j) = j**2 + 9*j - 11. Let g(p) = p**2 + 8*p - 9. Let u(s) = -4*g(s) + 3*o(s). Suppose -k - 2 = 2. Let t = k - 1. What is u(t)?
3
Let d(i) be the second derivative of i**5/20 - i**4/12 - i**3/3 - 9*i + 13. What is d(4)?
40
Let x(f) = 36*f**2 - 43*f - 53. Let n(y) = -26 + 6 + 13*y**2 - 27*y + 13*y + 2. Let q(o) =